 the prime factors of 942209.
47, 20047
What are the prime factors of 3212107?
653, 4919
What are the prime factors of 100667?
7, 73, 197
List the prime factors of 2569898.
2, 733, 1753
What are the prime factors of 11544439?
73, 158143
List the prime factors of 4961538.
2, 3, 275641
What are the prime factors of 3588160?
2, 5, 11213
What are the prime factors of 6809813?
37, 41, 67
List the prime factors of 567513.
3, 21019
What are the prime factors of 8729688?
2, 3, 11, 43, 769
What are the prime factors of 613962?
2, 3, 23, 1483
What are the prime factors of 6707793?
3, 47, 113, 421
What are the prime factors of 506759?
11, 23, 2003
What are the prime factors of 16526150?
2, 5, 107, 3089
List the prime factors of 1586983.
31, 51193
What are the prime factors of 1665422?
2, 11, 17, 61, 73
List the prime factors of 1802955.
3, 5, 7, 11, 223
List the prime factors of 979110.
2, 3, 5, 11, 23, 43
What are the prime factors of 15492?
2, 3, 1291
List the prime factors of 1187427.
3, 397, 997
What are the prime factors of 23990?
2, 5, 2399
What are the prime factors of 4624570?
2, 5, 311, 1487
List the prime factors of 539140.
2, 5, 7, 3851
List the prime factors of 1063671.
3, 7, 50651
What are the prime factors of 3583103?
3583103
What are the prime factors of 636706?
2, 7, 73, 89
What are the prime factors of 2191990?
2, 5, 109, 2011
What are the prime factors of 603257?
603257
What are the prime factors of 3346616?
2, 7, 13, 4597
List the prime factors of 5720539.
11, 19, 101, 271
What are the prime factors of 441174?
2, 3, 73529
What are the prime factors of 690518?
2, 345259
What are the prime factors of 1385809?
1385809
What are the prime factors of 1049405?
5, 7, 29983
List the prime factors of 494443.
494443
What are the prime factors of 541843?
43, 12601
List the prime factors of 15589231.
7, 2227033
List the prime factors of 2982305.
5, 596461
What are the prime factors of 608441?
173, 3517
List the prime factors of 1363794.
2, 3, 227299
List the prime factors of 11091554.
2, 19, 151, 1933
What are the prime factors of 658276?
2, 164569
What are the prime factors of 2068526?
2, 17, 83, 733
List the prime factors of 1816918.
2, 908459
What are the prime factors of 229474?
2, 7, 37, 443
What are the prime factors of 5564573?
7, 179, 4441
List the prime factors of 2793233.
2793233
What are the prime factors of 4361384?
2, 17, 32069
What are the prime factors of 21215612?
2, 11, 47, 10259
What are the prime factors of 602447?
103, 5849
List the prime factors of 228853.
228853
List the prime factors of 33900184.
2, 103, 41141
List the prime factors of 126669.
3, 42223
What are the prime factors of 258693?
3, 53, 1627
What are the prime factors of 285853?
29, 9857
What are the prime factors of 1138646?
2, 569323
What are the prime factors of 28963184?
2, 1810199
List the prime factors of 24089.
13, 17, 109
What are the prime factors of 2291757?
3, 13, 58763
List the prime factors of 295904.
2, 7, 1321
What are the prime factors of 646322?
2, 461, 701
What are the prime factors of 2429317?
11, 17, 1181
What are the prime factors of 532645?
5, 307, 347
What are the prime factors of 2540887?
2540887
What are the prime factors of 15401702?
2, 2083, 3697
What are the prime factors of 658796?
2, 109, 1511
What are the prime factors of 1259796?
2, 3, 277, 379
What are the prime factors of 8271200?
2, 5, 7, 211
List the prime factors of 2791060.
2, 5, 17, 8209
What are the prime factors of 2188812?
2, 3, 179, 1019
List the prime factors of 3827932.
2, 353, 2711
List the prime factors of 42959.
7, 17, 19
What are the prime factors of 20350202?
2, 10175101
List the prime factors of 933255.
3, 5, 31, 223
What are the prime factors of 14464776?
2, 3, 19, 31721
What are the prime factors of 10538073?
3, 7, 13, 4289
What are the prime factors of 123184?
2, 7699
List the prime factors of 4972891.
7, 11, 17, 29, 131
List the prime factors of 29922.
2, 3, 4987
List the prime factors of 43516.
2, 11, 23, 43
What are the prime factors of 169561?
7, 24223
List the prime factors of 12558071.
47, 267193
List the prime factors of 915890.
2, 5, 67, 1367
List the prime factors of 260284.
2, 65071
List the prime factors of 5368913.
11, 23, 21221
List the prime factors of 36294664.
2, 7, 648119
List the prime factors of 5474096.
2, 342131
What are the prime factors of 2921410?
2, 5, 292141
What are the prime factors of 92169?
3, 7, 11, 19
List the prime factors of 2513008.
2, 17, 9239
What are the prime factors of 138497?
138497
List the prime factors of 6230767.
109, 57163
What are the prime factors of 2701262?
2, 251, 5381
List the prime factors of 1470892.
2, 269, 1367
List the prime factors of 396663.
3, 19, 6959
What are the prime factors of 4918133?
11, 131, 3413
What are the prime factors of 92150?
2, 5, 19, 97
List the prime factors of 189857.
373, 509
What are the prime factors of 6220274?
2, 31, 41, 2447
What are the prime factors of 2408092?
2, 47, 12809
What are the prime factors of 620570?
2, 5, 62057
What are the prime factors of 339867?
3, 11, 3433
What are the prime factors of 210825?
3, 5, 937
What are the prime factors of 2230866?
2, 3, 11, 19, 593
What are the prime factors of 6796176?
2, 3, 141587
What are the prime factors of 811864?
2, 101483
What are the prime factors of 3509393?
67, 52379
What are the prime factors of 713252?
2, 17, 617
What are the prime factors of 141814?
2, 17, 43, 97
List the prime factors of 41396.
2, 79, 131
What are the prime factors of 7338716?
2, 7, 11, 23827
List the prime factors of 543265.
5, 179, 607
What are the prime factors of 102238?
2, 17, 31, 97
What are the prime factors of 345348?
2, 3, 53, 181
List the prime factors of 340581.
3, 107, 1061
What are the prime factors of 1292803?
491, 2633
List the prime factors of 431579.
17, 53, 479
List the prime factors of 8573973.
3, 37, 77243
What are the prime factors of 4550209?
53, 85853
List the prime factors of 1878102.
2, 3, 103, 1013
List the prime factors of 533050.
2, 5, 7, 1523
What are the prime factors of 607686?
2, 3, 101281
What are the prime factors of 4430798?
2, 2215399
What are the prime factors of 447700?
2, 5, 11, 37
What are the prime factors of 433213?
11, 39383
What are the prime factors of 6614848?
2, 103357
What are the prime factors of 7429719?
3, 11, 225143
What are the prime factors of 72227?
72227
List the prime factors of 79350.
2, 3, 5, 23
What are the prime factors of 39666508?
2, 7, 17, 167, 499
List the prime factors of 70839.
3, 17, 463
What are the prime factors of 631871?
181, 3491
What are the prime factors of 449395?
5, 17, 311
What are the prime factors of 116461?
116461
List the prime factors of 13499125.
5, 79, 1367
List the prime factors of 16811570.
2, 5, 1681157
List the prime factors of 817544.
2, 7, 13, 1123
What are the prime factors of 3683313?
3, 37, 1229
List the prime factors of 206033.
206033
What are the prime factors of 11463?
3, 3821
What are the prime factors of 190957?
13, 37, 397
List the prime factors of 8358336.
2, 3, 7, 691
List the prime factors of 7709799.
3, 157, 16369
What are the prime factors of 201348?
2, 3, 7, 17, 47
List the prime factors of 4153115.
5, 19, 43717
List the prime factors of 117108.
2, 3, 3253
What are the prime factors of 378734?
2, 409, 463
What are the prime factors of 250290?
2, 3, 5, 103
What are the prime factors of 1776715?
5, 355343
What are the prime factors of 714688?
2, 13, 859
What are the prime factors of 274097?
67, 4091
List the prime factors of 409981.
11, 13, 47, 61
What are the prime factors of 2228702?
2, 7, 159193
What are the prime factors of 6458671?
59, 109469
What are the prime factors of 19348799?
227, 85237
What are the prime factors of 4328466?
2, 3, 19, 43, 883
List the prime factors of 2419271.
31, 78041
What are the prime factors of 7121605?
5, 23, 61927
What are the prime factors of 4619103?
3, 43, 61, 587
What are the prime factors of 6977464?
2, 13, 23, 2917
What are the prime factors of 3566249?
3566249
What are the prime factors of 7269389?
83, 87583
List the prime factors of 2189091.
3, 67, 10891
List the prime factors of 110087.
283, 389
What are the prime factors of 5422541?
17, 307, 1039
List the prime factors of 3350105.
5, 11, 17, 3583
List 